d 22?
22
Suppose 0 = -y - 4*y + 180. What is the greatest common factor of y and 48?
12
Let k(n) = -n**3 - 12*n**2 - 27*n - 4. Let a be k(-10). What is the greatest common factor of a and 165?
33
Let t(c) = -c**3 + 6*c**2 + 9*c - 6. Let u be t(7). Calculate the greatest common divisor of 40 and u.
8
Let m(v) = -v - 2. Let r be m(-3). Suppose -r = -y - 2. Let c be (y - 0) + (3 - -11). Calculate the greatest common factor of c and 104.
13
Let k be (-63)/(-35)*(-10)/(-3). Let x(t) = t**3 - 6*t**2 + 9*t - 7. Let a be x(7). Let w = -63 + a. What is the greatest common divisor of k and w?
6
Let z(k) = k**3 - 7*k**2 + 21. Let g be z(8). What is the greatest common divisor of g and 5?
5
Suppose 58*x - 56*x - 110 = 0. What is the greatest common factor of x and 22?
11
Let q(n) = -2*n - 15. Let f be q(-10). Suppose f*p - 54 + 19 = 0. Calculate the greatest common divisor of 28 and p.
7
Suppose -8*r + 3*r + 40 = 0. Let m be r/6*(-81)/(-6). Suppose c = m + 24. Calculate the highest common factor of c and 28.
14
Let g(j) = -j**2 + 12*j - 7. Let x be g(8). Suppose -4*p = p - x. What is the greatest common factor of p and 20?
5
Suppose 2*a - 104 = 5*g, 4*a - g + 32 = 240. Let i(r) = 4*r - 4. Let f be i(-5). Let b = a + f. Calculate the greatest common factor of b and 4.
4
Let a(y) = 39*y**2 - 5*y - 4. Let m be a(-1). What is the highest common factor of m and 100?
20
Let q(x) = x - 3. Let c(n) = 4*n - 10. Let s(v) = 2*c(v) - 7*q(v). Let o be s(4). Suppose 0 = -o*a + 8 + 52. Calculate the greatest common factor of 4 and a.
4
Let a(l) = -2*l - 8. Let t be a(-6). Suppose -5*u - 200 = -5*f, t*f - 2*f + 4*u = 110. What is the greatest common factor of 30 and f?
15
Let g = 13 + 58. Let d = 127 - g. Suppose -16 = 4*f, 48 = 4*h + 4*f - 2*f. Calculate the greatest common factor of d and h.
14
Let u(v) = -32*v + 1. Let g be u(-2). Let i = 93 - g. Suppose -6*q = -2*q - i. What is the highest common divisor of 21 and q?
7
Let u(g) = -3*g + 8. Let w be u(-6). Calculate the highest common divisor of w and 26.
26
Suppose 0 = -10*o + 123 + 147. Suppose -3*d + 15 = 2*d. Calculate the greatest common factor of o and d.
3
Let r be 61 - (-1 - 1) - -3. Calculate the highest common factor of 22 and r.
22
Let s(p) = -8*p + 3. Let m(n) = -n - 1. Let q(d) = -6*m(d) - 3*s(d). Let z be q(4). Calculate the highest common factor of z and 13.
13
Let d(b) = -b**3 + 18. Let a be d(0). Let w(v) = -3*v - 3. Let z be w(-2). Suppose 3*t = j, 9 = 2*j + z*t - 0. Calculate the highest common divisor of j and a.
3
Suppose 44 = 3*l + 14. Suppose -c = 3*c. Suppose o + c*y - l = y, -o + 8 = -3*y. Calculate the greatest common factor of 77 and o.
11
Let p be ((-177)/(-118))/(1*2/32). Calculate the greatest common divisor of p and 12.
12
Suppose 0 = u - 2*m + 1, -m = -5*u + 6 + 16. Suppose 0*s - 225 = -5*s. Calculate the greatest common divisor of u and s.
5
Let s = -20 - -23. Calculate the greatest common divisor of s and 3.
3
Let l(b) = -b**3 + 4*b**2 + 7*b + 2. Let m(k) = 0 - k + 0*k + 2. Let f be m(-3). Let w be l(f). What is the highest common factor of 4 and w?
4
Let f(q) = -q**2 + 2*q - 1. Let a be f(1). Let w = 0 + 3. Suppose w*t - 2*s = s + 24, a = -3*s. What is the greatest common divisor of t and 16?
8
Suppose 2*b + 5*m = -9, 4*m - m = 3*b - 18. Suppose b*p - 32 = -4*t, -2*p + 3*p + 24 = 3*t. Calculate the greatest common factor of 24 and t.
8
Let f = 2 + 1. Suppose -273 = -f*n - 0*n. Suppose c - 4*q + 5 + 2 = 0, 0 = 4*q - 20. What is the highest common factor of c and n?
13
Let l(q) = -q**3 + 8*q**2 - 9*q + 8. Let x be l(7). Let r be x/(-3)*-1 + 6. Let t be 80/12 - r/6. Calculate the highest common divisor of 2 and t.
2
Suppose -23 = -4*h + 9. What is the greatest common factor of h and 56?
8
Let d be (-2)/(-8) - (-235)/20. Let s be (-100)/6*d/(-10). What is the greatest common divisor of s and 2?
2
Let u(f) = -f + 7. Let j be u(5). Let o(c) = 2 + c**2 + 0*c**2 - j*c**3 - 2*c - 5*c**2. Let g be o(-2). Calculate the highest common factor of 60 and g.
6
Suppose 55 - 1 = u. Suppose 34 = 5*y + 4*a, 0 = a + 3 - 4. What is the greatest common factor of y and u?
6
Suppose -5 = -3*q + 5*x + 12, -4*q - 5*x + 46 = 0. Let l be 0 + 6/(-21) + (-254)/(-7). What is the greatest common factor of q and l?
9
Suppose -3*p + 0*p + 3 = 0. Suppose -2*z = j - z - p, -3*z = 6. Suppose 0 = f, 4*f = 3*h - 1 - 8. What is the highest common factor of h and j?
3
Suppose 5*d = -4*n + 60, 0*d = -n - 2*d + 12. Let c be -6 + 2 + 12*2. What is the greatest common divisor of c and n?
20
Let r(b) = b + 8. Let f be r(16). Let l = f + -13. Calculate the highest common factor of 44 and l.
11
Suppose -d + 20 - 17 = 0. What is the greatest common divisor of 12 and d?
3
Let d = 96 + -51. Let i = d + 90. Calculate the highest common divisor of i and 15.
15
Suppose -o = 2*o - 18. Suppose -2*z + 8 = 0, 2*g - g = 3*z + 39. Suppose w + 1 = 0, -5*w = q + o - g. What is the highest common divisor of q and 10?
10
Let i = 0 + 4. Suppose i*d - 88 = 44. Suppose 5*g - d = -8. Calculate the highest common factor of 25 and g.
5
Let h(d) = -3 + 9 - d - 2*d. Let w be h(-6). Let x = 28 + -16. Calculate the highest common divisor of w and x.
12
Suppose 3*g = -h + 30, -3*h = 5*g - 2*h - 50. Calculate the highest common divisor of g and 5.
5
Suppose f + 5 = -0*d + 5*d, 5 = -f + d. Let z(q) = q**3 + 6*q**2 + 3*q + 3. Let s be z(f). Calculate the greatest common divisor of 13 and s.
13
Let g = 93 - -3. Calculate the greatest common divisor of 12 and g.
12
Suppose m = 6 - 4. Suppose m*f + 3 = 9. What is the greatest common factor of f and 33?
3
Suppose -23 = 15*c - 158. Calculate the highest common factor of 81 and c.
9
Let k be 18/15 - ((-6)/15)/(-2). Let i(b) = b**3 + 5*b**2 - 2*b - 3. Let z be i(-5). Calculate the greatest common divisor of k and z.
1
Let d(i) = 10*i - 86. Let q be d(9). What is the highest common divisor of q and 12?
4
Let a be (-6 - -3)*8/(-6). What is the greatest common factor of 32 and a?
4
Let y = -129 + 133. What is the greatest common divisor of 4 and y?
4
Suppose 0*q = -2*q. Suppose -4*a - 4*v = a - 21, a + v - 4 = q. Calculate the highest common factor of 1 and a.
1
Suppose -12 = 2*q - 5*q. Calculate the greatest common factor of q and 4.
4
Suppose -3*q + 61 - 7 = 0. Calculate the highest common factor of q and 6.
6
Let k be ((-8)/(-6))/((-2)/(-15)). Suppose -l = -6*l + k. What is the greatest common factor of 22 and l?
2
Let i(b) = -10*b - 8. Let v be i(-8). Calculate the highest common divisor of 9 and v.
9
Suppose -q - 19 = -23. What is the highest common factor of 32 and q?
4
Let p = -8 - -8. Let t = p + 0. Suppose 5*w - 13 - 2 = t. Calculate the greatest common factor of w and 15.
3
Suppose -5*s + 6*b = 2*b + 10, 4*b = 2*s + 16. Suppose 2*q - a = a - 4, -3*q - 2 = -5*a. Let w = 4 - q. What is the highest common divisor of w and s?
2
Let j = -11 - -18. Let n(z) = z + 1. Let s be n(j). Let u be (-6)/s - 46/(-8). What is the greatest common factor of 10 and u?
5
Suppose 4*o - 3 = -3*h + 11, h = -4*o + 18. Suppose o*i - 2*b - 64 = 0, b + 5 + 9 = i. Let l = 116 - 20. What is the highest common divisor of i and l?
12
Let f(h) = -12*h**3. Let x be f(-1). Let c be (5 - 6)*(-11 - 0). Let k = c - -121. Calculate the highest common factor of k and x.
12
Let r be 46/14 - (-14)/(-49). Suppose 2*l - 30 = -r*l. Calculate the greatest common divisor of 6 and l.
6
Suppose 2*y - d = -y + 508, y + 2*d - 181 = 0. Calculate the greatest common divisor of y and 9.
9
Suppose -i + 23 = 4*r, -2*i + 6*r - r + 59 = 0. Suppose -9 = -3*w + 2*w. What is the highest common divisor of w and i?
9
Suppose 0 = -104*i + 108*i - 64. What is the greatest common divisor of 8 and i?
8
Suppose 2*h + h - p + 23 = 0, -h = -2*p + 11. Let u(c) = -c**3 - 6*c**2 + 5*c + 4. Let y be u(h). Calculate the highest common divisor of 2 and y.
2
Let j be 26/8 + (-4)/16. Let i be (15/1 - 1) + j. What is the highest common factor of 17 and i?
17
Let o = 57 + -43. What is the highest common divisor of 56 and o?
14
Let g(z) = 12*z**2 + 2*z + 1. Let k be g(-2). Let j be (-181)/(-2) - (-3)/(-2). Suppose -1 - j = -3*h. What is the greatest common divisor of h and k?
15
Suppose -6*u + 43 - 7 = 0. Calculate the highest common divisor of u and 12.
6
Suppose 2*y + 147 = 3*x, 0*y 